{"id":91,"date":"2024-10-12T09:52:47","date_gmt":"2024-10-12T07:52:47","guid":{"rendered":"https:\/\/xn--lnamargonphotographe-b2b.fr\/?page_id=91"},"modified":"2026-03-16T13:02:35","modified_gmt":"2026-03-16T12:02:35","slug":"seances","status":"publish","type":"page","link":"https:\/\/xn--lnamargonphotographe-b2b.fr\/index.php\/seances\/","title":{"rendered":"Prestations"},"content":{"rendered":"\n<p class=\"has-text-align-center\" style=\"font-style:normal;font-weight:100\"><em>Venez d\u00e9couvrir les diff\u00e9rentes prestations toutes uniques \u00e0 vous \ud83d\ude42<\/em><\/p>\n\n\n\n<hr class=\"wp-block-separator has-alpha-channel-opacity is-style-wide\"\/>\n\n\n\n<div class=\"wp-block-columns are-vertically-aligned-top is-layout-flex wp-container-core-columns-is-layout-28f84493 wp-block-columns-is-layout-flex\">\n<div class=\"wp-block-column is-vertically-aligned-top is-layout-flow wp-block-column-is-layout-flow\" style=\"flex-basis:100%\">\n<figure class=\"wp-block-gallery aligncenter has-nested-images columns-4 is-cropped has-background-background-color has-background wp-block-gallery-6 is-layout-flex wp-block-gallery-is-layout-flex\">\n<figure class=\"wp-block-image size-full is-style-default wp-duotone-00080a-ffffff-1\"><img fetchpriority=\"high\" decoding=\"async\" width=\"1703\" height=\"2560\" data-id=\"190\" src=\"http:\/\/xn--lnamargonphotographe-b2b.fr\/wp-content\/uploads\/2024\/10\/DSC_7140-scaled.jpg\" alt=\"\" class=\"wp-image-190\" srcset=\"https:\/\/xn--lnamargonphotographe-b2b.fr\/wp-content\/uploads\/2024\/10\/DSC_7140-scaled.jpg 1703w, https:\/\/xn--lnamargonphotographe-b2b.fr\/wp-content\/uploads\/2024\/10\/DSC_7140-200x300.jpg 200w, https:\/\/xn--lnamargonphotographe-b2b.fr\/wp-content\/uploads\/2024\/10\/DSC_7140-681x1024.jpg 681w, https:\/\/xn--lnamargonphotographe-b2b.fr\/wp-content\/uploads\/2024\/10\/DSC_7140-2000x3006.jpg 2000w\" sizes=\"(max-width: 1703px) 100vw, 1703px\" \/><figcaption class=\"wp-element-caption\">Mariage<\/figcaption><\/figure>\n\n\n\n<figure class=\"wp-block-image size-full\"><img decoding=\"async\" width=\"2560\" height=\"1703\" data-id=\"948\" src=\"http:\/\/xn--lnamargonphotographe-b2b.fr\/wp-content\/uploads\/2026\/03\/Grossesse-Emeline-22-sur-43-scaled.jpg\" alt=\"\" class=\"wp-image-948\" srcset=\"https:\/\/xn--lnamargonphotographe-b2b.fr\/wp-content\/uploads\/2026\/03\/Grossesse-Emeline-22-sur-43-scaled.jpg 2560w, https:\/\/xn--lnamargonphotographe-b2b.fr\/wp-content\/uploads\/2026\/03\/Grossesse-Emeline-22-sur-43-300x200.jpg 300w, https:\/\/xn--lnamargonphotographe-b2b.fr\/wp-content\/uploads\/2026\/03\/Grossesse-Emeline-22-sur-43-1024x681.jpg 1024w, https:\/\/xn--lnamargonphotographe-b2b.fr\/wp-content\/uploads\/2026\/03\/Grossesse-Emeline-22-sur-43-2000x1331.jpg 2000w\" sizes=\"(max-width: 2560px) 100vw, 2560px\" \/><figcaption class=\"wp-element-caption\">Grossesse<\/figcaption><\/figure>\n\n\n\n<figure class=\"wp-block-image size-full wp-duotone-00080a-ffffff-2\"><img decoding=\"async\" width=\"1664\" height=\"2560\" data-id=\"814\" src=\"http:\/\/xn--lnamargonphotographe-b2b.fr\/wp-content\/uploads\/2025\/06\/18052025-DSC_4115-Avec-accentuation-Bruit-1-2-scaled.jpg\" alt=\"\" class=\"wp-image-814\" srcset=\"https:\/\/xn--lnamargonphotographe-b2b.fr\/wp-content\/uploads\/2025\/06\/18052025-DSC_4115-Avec-accentuation-Bruit-1-2-scaled.jpg 1664w, https:\/\/xn--lnamargonphotographe-b2b.fr\/wp-content\/uploads\/2025\/06\/18052025-DSC_4115-Avec-accentuation-Bruit-1-2-195x300.jpg 195w, https:\/\/xn--lnamargonphotographe-b2b.fr\/wp-content\/uploads\/2025\/06\/18052025-DSC_4115-Avec-accentuation-Bruit-1-2-666x1024.jpg 666w, https:\/\/xn--lnamargonphotographe-b2b.fr\/wp-content\/uploads\/2025\/06\/18052025-DSC_4115-Avec-accentuation-Bruit-1-2-2000x3077.jpg 2000w\" sizes=\"(max-width: 1664px) 100vw, 1664px\" \/><figcaption class=\"wp-element-caption\">Famille \/ Couples<\/figcaption><\/figure>\n\n\n\n<figure class=\"wp-block-image size-full wp-duotone-000-ffffff-3\"><img loading=\"lazy\" decoding=\"async\" width=\"1703\" height=\"2560\" data-id=\"907\" src=\"http:\/\/xn--lnamargonphotographe-b2b.fr\/wp-content\/uploads\/2025\/09\/colson-2025-322-sur-393-scaled.jpg\" alt=\"\" class=\"wp-image-907\" srcset=\"https:\/\/xn--lnamargonphotographe-b2b.fr\/wp-content\/uploads\/2025\/09\/colson-2025-322-sur-393-scaled.jpg 1703w, https:\/\/xn--lnamargonphotographe-b2b.fr\/wp-content\/uploads\/2025\/09\/colson-2025-322-sur-393-200x300.jpg 200w, https:\/\/xn--lnamargonphotographe-b2b.fr\/wp-content\/uploads\/2025\/09\/colson-2025-322-sur-393-681x1024.jpg 681w, https:\/\/xn--lnamargonphotographe-b2b.fr\/wp-content\/uploads\/2025\/09\/colson-2025-322-sur-393-2000x3006.jpg 2000w\" sizes=\"(max-width: 1703px) 100vw, 1703px\" \/><figcaption class=\"wp-element-caption\">Portraits<\/figcaption><\/figure>\n\n\n\n<figure class=\"wp-block-image alignfull size-full wp-duotone-rgb000-rgb255255255-4\"><img decoding=\"async\" data-id=\"796\" src=\"http:\/\/xn--lnamargonphotographe-b2b.fr\/wp-content\/uploads\/2025\/06\/18052025-DSC_5620-Avec-accentuation-Bruit-1-1.jpg\" alt=\"\" class=\"wp-image-796\"\/><figcaption class=\"wp-element-caption\">\u00c9v\u00e8nementiel \/ Commerce <\/figcaption><\/figure>\n\n\n\n<figure class=\"wp-block-image size-full wp-duotone-rgb000-rgb254254254-5\"><img loading=\"lazy\" decoding=\"async\" width=\"1709\" height=\"2560\" data-id=\"254\" src=\"https:\/\/xn--lnamargonphotographe-b2b.fr\/wp-content\/uploads\/2024\/10\/DSC7210-scaled.jpg\" alt=\"\" class=\"wp-image-254\" srcset=\"https:\/\/xn--lnamargonphotographe-b2b.fr\/wp-content\/uploads\/2024\/10\/DSC7210-scaled.jpg 1709w, https:\/\/xn--lnamargonphotographe-b2b.fr\/wp-content\/uploads\/2024\/10\/DSC7210-200x300.jpg 200w, https:\/\/xn--lnamargonphotographe-b2b.fr\/wp-content\/uploads\/2024\/10\/DSC7210-683x1024.jpg 683w, https:\/\/xn--lnamargonphotographe-b2b.fr\/wp-content\/uploads\/2024\/10\/DSC7210-2000x2997.jpg 2000w\" sizes=\"(max-width: 1709px) 100vw, 1709px\" \/><figcaption class=\"wp-element-caption\">Photo Th\u00e9rapie<\/figcaption><\/figure>\n<\/figure>\n<\/div>\n<\/div>\n\n\n\n<hr class=\"wp-block-separator has-alpha-channel-opacity is-style-wide\"\/>\n\n\n\n<p><\/p>\n","protected":false},"excerpt":{"rendered":"<p>Venez d\u00e9couvrir les diff\u00e9rentes prestations toutes uniques \u00e0 vous \ud83d\ude42<\/p>\n","protected":false},"author":1,"featured_media":0,"parent":0,"menu_order":0,"comment_status":"closed","ping_status":"closed","template":"","meta":{"inspiro_hide_title":false,"footnotes":""},"class_list":["post-91","page","type-page","status-publish","hentry"],"_links":{"self":[{"href":"https:\/\/xn--lnamargonphotographe-b2b.fr\/index.php\/wp-json\/wp\/v2\/pages\/91","targetHints":{"allow":["GET"]}}],"collection":[{"href":"https:\/\/xn--lnamargonphotographe-b2b.fr\/index.php\/wp-json\/wp\/v2\/pages"}],"about":[{"href":"https:\/\/xn--lnamargonphotographe-b2b.fr\/index.php\/wp-json\/wp\/v2\/types\/page"}],"author":[{"embeddable":true,"href":"https:\/\/xn--lnamargonphotographe-b2b.fr\/index.php\/wp-json\/wp\/v2\/users\/1"}],"replies":[{"embeddable":true,"href":"https:\/\/xn--lnamargonphotographe-b2b.fr\/index.php\/wp-json\/wp\/v2\/comments?post=91"}],"version-history":[{"count":33,"href":"https:\/\/xn--lnamargonphotographe-b2b.fr\/index.php\/wp-json\/wp\/v2\/pages\/91\/revisions"}],"predecessor-version":[{"id":975,"href":"https:\/\/xn--lnamargonphotographe-b2b.fr\/index.php\/wp-json\/wp\/v2\/pages\/91\/revisions\/975"}],"wp:attachment":[{"href":"https:\/\/xn--lnamargonphotographe-b2b.fr\/index.php\/wp-json\/wp\/v2\/media?parent=91"}],"curies":[{"name":"wp","href":"https:\/\/api.w.org\/{rel}","templated":true}]}}