{"id":39,"date":"2024-10-11T13:59:06","date_gmt":"2024-10-11T11:59:06","guid":{"rendered":"https:\/\/xn--lnamargonphotographe-b2b.fr\/?page_id=39"},"modified":"2026-03-16T12:48:26","modified_gmt":"2026-03-16T11:48:26","slug":"accueil","status":"publish","type":"page","link":"https:\/\/xn--lnamargonphotographe-b2b.fr\/","title":{"rendered":"Accueil"},"content":{"rendered":"\n<hr class=\"wp-block-separator has-alpha-channel-opacity is-style-wide\"\/>\n\n\n\n<div class=\"wp-block-media-text is-stacked-on-mobile\" style=\"grid-template-columns:23% auto\"><figure class=\"wp-block-media-text__media\"><img fetchpriority=\"high\" decoding=\"async\" width=\"683\" height=\"1024\" src=\"http:\/\/xn--lnamargonphotographe-b2b.fr\/wp-content\/uploads\/2024\/10\/IMG_2996-683x1024.jpeg\" alt=\"\" class=\"wp-image-419 size-full\" srcset=\"https:\/\/xn--lnamargonphotographe-b2b.fr\/wp-content\/uploads\/2024\/10\/IMG_2996-683x1024.jpeg 683w, https:\/\/xn--lnamargonphotographe-b2b.fr\/wp-content\/uploads\/2024\/10\/IMG_2996-200x300.jpeg 200w, https:\/\/xn--lnamargonphotographe-b2b.fr\/wp-content\/uploads\/2024\/10\/IMG_2996.jpeg 1365w\" sizes=\"(max-width: 683px) 100vw, 683px\" \/><\/figure><div class=\"wp-block-media-text__content\">\n<div class=\"wp-block-group is-nowrap is-layout-flex wp-container-core-group-is-layout-6c531013 wp-block-group-is-layout-flex\">\n<p style=\"font-style:normal;font-weight:100\">     <em>Jeune photographe dipl\u00f4m\u00e9 de l&rsquo;\u00e9cole ETPA \u00e0 Toulouse, je vis de ma passion pour la photographie, une passion qui m&rsquo;accompagne depuis mon plus jeune \u00e2ge, gr\u00e2ce \u00e0 l&rsquo;influence artistique de ma maman. Cet h\u00e9ritage m&rsquo;a permis de d\u00e9velopper une sensibilit\u00e9 particuli\u00e8re et un \u0153il cr\u00e9atif que j&rsquo;affine depuis des ann\u00e9es. Aujourd&rsquo;hui, je suis sp\u00e9cialis\u00e9 dans la photographie \u00e9v\u00e9nementielle et professionnelle, et je suis enthousiaste \u00e0 l&rsquo;id\u00e9e de capturer vos moments les plus pr\u00e9cieux.<\/em><\/p>\n<\/div>\n\n\n\n<div class=\"wp-block-group is-nowrap is-layout-flex wp-container-core-group-is-layout-6c531013 wp-block-group-is-layout-flex\">\n<p style=\"font-style:normal;font-weight:100\">     <em>Que ce soit pour immortaliser l&rsquo;\u00e9motion d\u2019un mariage ou dynamiser l\u2019image de votre entreprise, je cr\u00e9e des visuels authentiques et modernes. Mon approche met en avant la beaut\u00e9 et la confiance de chacun \u00e0 travers des portraits uniques. Faites le choix d&rsquo;une exp\u00e9rience personnalis\u00e9e, que ce soit pour vos souvenirs les plus pr\u00e9cieux ou pour donner un nouvel \u00e9lan \u00e0 votre communication visuelle.<\/em><\/p>\n<\/div>\n\n\n\n<p style=\"font-style:normal;font-weight:100\">     <em>Je propose \u00e9galement des services de retouche sur-mesure, pour des images artistiques et adapt\u00e9es \u00e0 vos envies. Mes s\u00e9ances photo se d\u00e9roulent principalement en ext\u00e9rieur, mais des options en int\u00e9rieur peuvent \u00eatre envisag\u00e9es pour s\u2019ajuster \u00e0 vos pr\u00e9f\u00e9rences. Ce n&rsquo;est que le d\u00e9but d&rsquo;une belle aventure, et je suis ravi de la vivre \u00e0 vos c\u00f4t\u00e9s.<\/em><\/p>\n<\/div><\/div>\n\n\n\n<div class=\"wp-block-media-text is-stacked-on-mobile\" style=\"grid-template-columns:41% auto\"><figure class=\"wp-block-media-text__media\"><img decoding=\"async\" width=\"768\" height=\"1024\" src=\"http:\/\/xn--lnamargonphotographe-b2b.fr\/wp-content\/uploads\/2025\/07\/DSCF9027-Modifier-768x1024.jpg\" alt=\"\" class=\"wp-image-875 size-full\" srcset=\"https:\/\/xn--lnamargonphotographe-b2b.fr\/wp-content\/uploads\/2025\/07\/DSCF9027-Modifier-768x1024.jpg 768w, https:\/\/xn--lnamargonphotographe-b2b.fr\/wp-content\/uploads\/2025\/07\/DSCF9027-Modifier-225x300.jpg 225w, https:\/\/xn--lnamargonphotographe-b2b.fr\/wp-content\/uploads\/2025\/07\/DSCF9027-Modifier-2000x2667.jpg 2000w, https:\/\/xn--lnamargonphotographe-b2b.fr\/wp-content\/uploads\/2025\/07\/DSCF9027-Modifier-scaled.jpg 1920w\" sizes=\"(max-width: 768px) 100vw, 768px\" \/><\/figure><div class=\"wp-block-media-text__content\">\n<p class=\"has-text-align-center has-medium-font-size\">La phototh\u00e9rapie : une autre mani\u00e8re de vivre la photographie.<\/p>\n\n\n\n<p>Une exp\u00e9rience pour se red\u00e9couvrir, reprendre confiance et se voir avec un regard nouveau.<\/p>\n\n\n\n<p class=\"has-text-align-center has-medium-font-size\">\u2192 D\u00e9couvrir la phototh\u00e9rapie<\/p>\n<\/div><\/div>\n\n\n\n<p class=\"has-text-align-center\" style=\"font-style:normal;font-weight:100\"><\/p>\n\n\n\n<p><\/p>\n\n\n\n<p><\/p>\n\n\n\n<h2 class=\"wp-block-heading\"><em>                                                                                         INFOS<\/em><\/h2>\n\n\n\n<p><\/p>\n\n\n\n<hr class=\"wp-block-separator alignwide has-alpha-channel-opacity is-style-wide\"\/>\n\n\n\n<figure class=\"wp-block-image aligncenter size-full is-resized\"><img decoding=\"async\" width=\"700\" height=\"740\" src=\"https:\/\/xn--lnamargonphotographe-b2b.fr\/wp-content\/uploads\/2024\/10\/Capture-decran-2024-10-19-a-09.54.51.png\" alt=\"\" class=\"wp-image-483\" style=\"width:420px;height:auto\" srcset=\"https:\/\/xn--lnamargonphotographe-b2b.fr\/wp-content\/uploads\/2024\/10\/Capture-decran-2024-10-19-a-09.54.51.png 700w, https:\/\/xn--lnamargonphotographe-b2b.fr\/wp-content\/uploads\/2024\/10\/Capture-decran-2024-10-19-a-09.54.51-284x300.png 284w\" sizes=\"(max-width: 700px) 100vw, 700px\" \/><\/figure>\n\n\n\n<p style=\"font-style:normal;font-weight:100\"><\/p>\n\n\n\n<hr class=\"wp-block-separator has-alpha-channel-opacity is-style-wide\"\/>\n\n\n\n<p class=\"has-text-align-center\" style=\"font-style:normal;font-weight:100\"><\/p>\n\n\n\n<p><\/p>\n","protected":false},"excerpt":{"rendered":"<p>La phototh\u00e9rapie : une autre mani\u00e8re de vivre la photographie. Une exp\u00e9rience pour se red\u00e9couvrir, reprendre confiance et se voir avec un regard nouveau. \u2192 D\u00e9couvrir la phototh\u00e9rapie INFOS<\/p>\n","protected":false},"author":1,"featured_media":0,"parent":0,"menu_order":0,"comment_status":"closed","ping_status":"closed","template":"","meta":{"inspiro_hide_title":false,"footnotes":""},"class_list":["post-39","page","type-page","status-publish","hentry"],"_links":{"self":[{"href":"https:\/\/xn--lnamargonphotographe-b2b.fr\/index.php\/wp-json\/wp\/v2\/pages\/39","targetHints":{"allow":["GET"]}}],"collection":[{"href":"https:\/\/xn--lnamargonphotographe-b2b.fr\/index.php\/wp-json\/wp\/v2\/pages"}],"about":[{"href":"https:\/\/xn--lnamargonphotographe-b2b.fr\/index.php\/wp-json\/wp\/v2\/types\/page"}],"author":[{"embeddable":true,"href":"https:\/\/xn--lnamargonphotographe-b2b.fr\/index.php\/wp-json\/wp\/v2\/users\/1"}],"replies":[{"embeddable":true,"href":"https:\/\/xn--lnamargonphotographe-b2b.fr\/index.php\/wp-json\/wp\/v2\/comments?post=39"}],"version-history":[{"count":21,"href":"https:\/\/xn--lnamargonphotographe-b2b.fr\/index.php\/wp-json\/wp\/v2\/pages\/39\/revisions"}],"predecessor-version":[{"id":969,"href":"https:\/\/xn--lnamargonphotographe-b2b.fr\/index.php\/wp-json\/wp\/v2\/pages\/39\/revisions\/969"}],"wp:attachment":[{"href":"https:\/\/xn--lnamargonphotographe-b2b.fr\/index.php\/wp-json\/wp\/v2\/media?parent=39"}],"curies":[{"name":"wp","href":"https:\/\/api.w.org\/{rel}","templated":true}]}}